n 215756 is divided by 61?
60
What is the remainder when 11412 is divided by 5695?
22
Calculate the remainder when 55928 is divided by 309.
308
Calculate the remainder when 55042 is divided by 2752.
2
What is the remainder when 27635 is divided by 271?
264
What is the remainder when 23211 is divided by 7735?
6
What is the remainder when 11333 is divided by 2265?
8
What is the remainder when 9247 is divided by 243?
13
What is the remainder when 122354 is divided by 562?
400
What is the remainder when 727 is divided by 52?
51
What is the remainder when 86334 is divided by 31?
30
Calculate the remainder when 1495 is divided by 610.
275
Calculate the remainder when 3567 is divided by 6.
3
What is the remainder when 53261 is divided by 5?
1
What is the remainder when 769078 is divided by 255?
253
Calculate the remainder when 237622 is divided by 614.
4
Calculate the remainder when 3891 is divided by 169.
4
Calculate the remainder when 1065 is divided by 183.
150
What is the remainder when 366012 is divided by 64?
60
What is the remainder when 405 is divided by 92?
37
Calculate the remainder when 852 is divided by 239.
135
Calculate the remainder when 1724 is divided by 374.
228
What is the remainder when 577609 is divided by 81?
79
What is the remainder when 73328 is divided by 36650?
28
What is the remainder when 48062 is divided by 26?
14
Calculate the remainder when 211413 is divided by 211413.
0
Calculate the remainder when 2684 is divided by 1307.
70
Calculate the remainder when 55407 is divided by 16.
15
Calculate the remainder when 738650 is divided by 790.
0
Calculate the remainder when 39897 is divided by 285.
282
Calculate the remainder when 70353 is divided by 174.
57
Calculate the remainder when 2032 is divided by 169.
4
What is the remainder when 3392 is divided by 880?
752
Calculate the remainder when 14364 is divided by 957.
9
Calculate the remainder when 2762 is divided by 183.
17
What is the remainder when 225876 is divided by 427?
420
What is the remainder when 11743 is divided by 147?
130
What is the remainder when 1291 is divided by 74?
33
What is the remainder when 173612 is divided by 463?
450
What is the remainder when 2193 is divided by 1087?
19
Calculate the remainder when 5058 is divided by 845.
833
Calculate the remainder when 469 is divided by 224.
21
What is the remainder when 50184 is divided by 1328?
1048
Calculate the remainder when 18580 is divided by 307.
160
What is the remainder when 5653 is divided by 513?
10
What is the remainder when 2139857 is divided by 306?
305
What is the remainder when 1318 is divided by 107?
34
Calculate the remainder when 4973 is divided by 408.
77
What is the remainder when 2707 is divided by 800?
307
What is the remainder when 5235 is divided by 2607?
21
What is the remainder when 2740 is divided by 1363?
14
What is the remainder when 2944 is divided by 29?
15
Calculate the remainder when 70908 is divided by 23.
22
What is the remainder when 9630 is divided by 109?
38
Calculate the remainder when 25729 is divided by 99.
88
What is the remainder when 12081 is divided by 54?
39
Calculate the remainder when 9837 is divided by 123.
120
Calculate the remainder when 14543 is divided by 255.
8
Calculate the remainder when 562202 is divided by 3748.
2
Calculate the remainder when 5593 is divided by 464.
25
Calculate the remainder when 76265 is divided by 58.
53
What is the remainder when 741778 is divided by 12?
10
Calculate the remainder when 40592 is divided by 176.
112
Calculate the remainder when 35196 is divided by 8797.
8
Calculate the remainder when 269363 is divided by 7.
3
What is the remainder when 96336 is divided by 32056?
168
Calculate the remainder when 164125 is divided by 35.
10
Calculate the remainder when 19140 is divided by 165.
0
Calculate the remainder when 990 is divided by 165.
0
Calculate the remainder when 4217 is divided by 68.
1
Calculate the remainder when 7527 is divided by 290.
277
Calculate the remainder when 35012 is divided by 506.
98
Calculate the remainder when 234945 is divided by 6910.
5
Calculate the remainder when 2591 is divided by 1191.
209
What is the remainder when 5593 is divided by 1293?
421
What is the remainder when 728 is divided by 573?
155
What is the remainder when 6610 is divided by 367?
4
What is the remainder when 436 is divided by 367?
69
Calculate the remainder when 583434 is divided by 55.
49
Calculate the remainder when 540753 is divided by 101.
100
What is the remainder when 37887 is divided by 30?
27
Calculate the remainder when 56899 is divided by 100.
99
What is the remainder when 3795 is divided by 1596?
603
What is the remainder when 13607 is divided by 95?
22
What is the remainder when 603127 is divided by 2482?
1
Calculate the remainder when 8756 is divided by 4378.
0
What is the remainder when 112328 is divided by 22?
18
Calculate the remainder when 7889 is divided by 441.
392
Calculate the remainder when 247524 is divided by 123760.
4
What is the remainder when 123352 is divided by 42?
40
Calculate the remainder when 49598 is divided by 34.
26
What is the remainder when 4958 is divided by 358?
304
What is the remainder when 100833 is divided by 944?
769
What is the remainder when 2922 is divided by 99?
51
What is the remainder when 29959 is divided by 1421?
118
What is the remainder when 16235 is divided by 44?
43
What is the remainder when 10882 is divided by 2115?
307
Calculate the remainder when 41496 is divided by 884.
832
Calculate the remainder when 183 is divided by 181.
2
What is the remainder when 14431 is divided by 82?
81
Calculate the remainder when 2547 is divided by 237.
177
What is the remainder when 158304 is divided by 18?
12
What is the remainder when 624 is divided by 161?
141
Calculate the remainder when 18234 is divided by 396.
18
Calculate the remainder when 969 is divided by 65.
59
Calculate the remainder when 128250 is divided by 64108.
34
What is the remainder when 261141 is divided by 372?
369
What is the remainder when 76241 is divided by 6931?
0
What is the remainder when 16467 is divided by 9?
6
What is the remainder when 44259 is divided by 2327?
46
What is the remainder when 25297 is divided by 91?
90
Calculate the remainder when 381579 is divided by 3634.
9
What is the remainder when 155629 is divided by 96?
13
Calculate the remainder when 3791 is divided by 641.
586
What is the remainder when 591531 is divided by 104?
83
What is the remainder when 383780 is divided by 50?
30
Calculate the remainder when 25500 is divided by 98.
20
What is the remainder when 309040 is divided by 350?
340
Calculate the remainder when 660 is divided by 464.
196
What is the remainder when 269926 is divided by 14?
6
What is the remainder when 9740 is divided by 657?
542
What is the remainder when 14739 is divided by 3240?
1779
What is the remainder when 45804 is divided by 15264?
12
Calculate the remainder when 4488 is divided by 1121.
4
What is the remainder when 7280 is divided by 7269?
11
Calculate the remainder when 1059 is divided by 59.
56
Calculate the remainder when 19431 is divided by 49.
27
Calculate the remainder when 1268 is divided by 187.
146
What is the remainder when 17388 is divided by 348?
336
Calculate the remainder when 4107309 is divided by 99.
96
What is the remainder when 1710628 is divided by 77?
73
Calculate the remainder when 54135 is divided by 5397.
165
Calculate the remainder when 53545 is divided by 8924.
1
Calculate the remainder when 80607 is divided by 16.
15
Calculate the remainder when 270 is divided by 8.
6
What is the remainder when 38795 is divided by 3849?
305
What is the remainder when 14465 is divided by 7227?
11
Calculate the remainder when 5036 is divided by 1278.
1202
Calculate the remainder when 89841 is divided by 85.
81
What is the remainder when 4094 is divided by 632?
302
What is the remainder when 333296 is divided by 22?
18
What is the remainder when 16078 is divided by 187?
183
What is the remainder when 2785 is divided by 18?
13
What is the remainder when 2840 is divided by 942?
14
What is the remainder when 1126 is divided by 329?
139
What is the remainder when 2996 is divided by 251?
235
What is the remainder when 4665 is divided by 122?
29
Calculate the re